mainder when 184635 is divided by 66?
33
Calculate the remainder when 71293 is divided by 25.
18
What is the remainder when 3329 is divided by 88?
73
Calculate the remainder when 815 is divided by 808.
7
What is the remainder when 3396 is divided by 1094?
114
Calculate the remainder when 379079 is divided by 42117.
26
What is the remainder when 127325 is divided by 2961?
2
What is the remainder when 1078 is divided by 113?
61
Calculate the remainder when 141774 is divided by 15751.
15
Calculate the remainder when 1255904 is divided by 313974.
8
Calculate the remainder when 2008 is divided by 315.
118
What is the remainder when 221123 is divided by 10529?
14
What is the remainder when 9420 is divided by 14?
12
Calculate the remainder when 44938 is divided by 1872.
10
Calculate the remainder when 395 is divided by 333.
62
What is the remainder when 575 is divided by 313?
262
Calculate the remainder when 64190 is divided by 136.
134
Calculate the remainder when 47137 is divided by 256.
33
What is the remainder when 20494 is divided by 1277?
62
Calculate the remainder when 82952 is divided by 59.
57
Calculate the remainder when 132498 is divided by 404.
390
What is the remainder when 2604 is divided by 293?
260
Calculate the remainder when 1591 is divided by 343.
219
What is the remainder when 98534 is divided by 52?
46
Calculate the remainder when 1488 is divided by 349.
92
Calculate the remainder when 8736 is divided by 57.
15
What is the remainder when 567949 is divided by 47?
1
What is the remainder when 22513 is divided by 201?
1
Calculate the remainder when 1076 is divided by 245.
96
What is the remainder when 1254 is divided by 180?
174
What is the remainder when 11364 is divided by 633?
603
Calculate the remainder when 15315 is divided by 235.
40
Calculate the remainder when 7117 is divided by 2368.
13
Calculate the remainder when 6740 is divided by 2246.
2
Calculate the remainder when 61531 is divided by 71.
45
Calculate the remainder when 9995 is divided by 3327.
14
What is the remainder when 93 is divided by 43?
7
Calculate the remainder when 276345 is divided by 564.
549
Calculate the remainder when 9973 is divided by 28.
5
Calculate the remainder when 60827 is divided by 111.
110
Calculate the remainder when 53130 is divided by 326.
318
What is the remainder when 2177 is divided by 59?
53
What is the remainder when 29800 is divided by 122?
32
What is the remainder when 2805163 is divided by 495?
493
What is the remainder when 133262 is divided by 54?
44
What is the remainder when 3928 is divided by 392?
8
Calculate the remainder when 667878 is divided by 30.
18
What is the remainder when 5621 is divided by 1608?
797
What is the remainder when 4076 is divided by 535?
331
What is the remainder when 23776 is divided by 3955?
46
What is the remainder when 2646 is divided by 369?
63
What is the remainder when 117750 is divided by 230?
220
Calculate the remainder when 4424 is divided by 27.
23
Calculate the remainder when 1431978 is divided by 55.
53
What is the remainder when 474 is divided by 66?
12
What is the remainder when 481 is divided by 416?
65
What is the remainder when 5619 is divided by 65?
29
What is the remainder when 427580 is divided by 96?
92
Calculate the remainder when 12628 is divided by 1402.
10
What is the remainder when 11682 is divided by 366?
336
Calculate the remainder when 54385 is divided by 9.
7
What is the remainder when 5280 is divided by 1161?
636
What is the remainder when 1331 is divided by 111?
110
What is the remainder when 104983 is divided by 963?
16
What is the remainder when 6118 is divided by 23?
0
What is the remainder when 29547 is divided by 14764?
19
Calculate the remainder when 8466 is divided by 715.
601
What is the remainder when 310131 is divided by 37?
34
What is the remainder when 17114 is divided by 688?
602
What is the remainder when 1593 is divided by 557?
479
What is the remainder when 19875 is divided by 115?
95
What is the remainder when 42413 is divided by 291?
218
Calculate the remainder when 41359 is divided by 10319.
83
Calculate the remainder when 5098 is divided by 1103.
686
What is the remainder when 35306 is divided by 4?
2
Calculate the remainder when 6224 is divided by 1438.
472
What is the remainder when 3473 is divided by 1046?
335
What is the remainder when 2638 is divided by 1058?
522
What is the remainder when 565684 is divided by 16?
4
What is the remainder when 31591 is divided by 535?
26
What is the remainder when 5425 is divided by 236?
233
What is the remainder when 7564 is divided by 2502?
58
What is the remainder when 4110 is divided by 4104?
6
What is the remainder when 1200063 is divided by 6?
3
What is the remainder when 385 is divided by 384?
1
What is the remainder when 138353 is divided by 59?
57
What is the remainder when 61323 is divided by 275?
273
What is the remainder when 37748 is divided by 88?
84
What is the remainder when 5999 is divided by 154?
147
What is the remainder when 785731 is divided by 392855?
21
Calculate the remainder when 3552 is divided by 2406.
1146
What is the remainder when 146189 is divided by 161?
1
What is the remainder when 7454 is divided by 3446?
562
Calculate the remainder when 9696 is divided by 460.
36
What is the remainder when 46591 is divided by 47?
14
Calculate the remainder when 33555 is divided by 1525.
5
Calculate the remainder when 3319 is divided by 158.
1
What is the remainder when 129957 is divided by 139?
131
Calculate the remainder when 549827 is divided by 324.
323
What is the remainder when 8032 is divided by 1011?
955
Calculate the remainder when 9354 is divided by 25.
4
Calculate the remainder when 63680 is divided by 12735.
5
What is the remainder when 95751 is divided by 47701?
349
Calculate the remainder when 41469 is divided by 767.
51
Calculate the remainder when 345018 is divided by 40.
18
What is the remainder when 1719499 is divided by 95?
94
What is the remainder when 2456 is divided by 493?
484
Calculate the remainder when 5018 is divided by 964.
198
What is the remainder when 4059 is divided by 719?
464
Calculate the remainder when 850521 is divided by 12.
9
What is the remainder when 38054 is divided by 4?
2
Calculate the remainder when 770371 is divided by 491.
483
Calculate the remainder when 2229 is divided by 410.
179
What is the remainder when 667 is divided by 108?
19
Calculate the remainder when 8766 is divided by 12.
6
Calculate the remainder when 1683667 is divided by 69.
67
What is the remainder when 3511 is divided by 743?
539
What is the remainder when 80762 is divided by 850?
12
What is the remainder when 5823 is divided by 5822?
1
What is the remainder when 41884 is divided by 179?
177
What is the remainder when 1079 is divided by 229?
163
What is the remainder when 740 is divided by 16?
4
What is the remainder when 186016 is divided by 355?
351
What is the remainder when 233327 is divided by 95?
7
What is the remainder when 12185 is divided by 2230?
1035
What is the remainder when 69067 is divided by 155?
92
What is the remainder when 21008 is divided by 482?
282
Calculate the remainder when 2193 is divided by 1095.
3
Calculate the remainder when 7979 is divided by 155.
74
What is the remainder when 61808 is divided by 547?
544
What is the remainder when 160 is divided by 154?
6
Calculate the remainder when 202507 is divided by 218.
203
What is the remainder when 853430 is divided by 7?
4
What is the remainder when 8580 is divided by 232?
228
What is the remainder when 803 is divided by 52?
23
What is the remainder when 2787875 is divided by 929289?
8
What is the remainder when 2249 is divided by 28?
9
What is the remainder when 239960 is divided by 674?
16
Calculate the remainder when 98147 is divided by 30.
17
What is the remainder when 33119 is divided by 33069?
50
Calculate the remainder when 167415 is divided by 15219.
6
What is the remainder when 115917 is divided by 46?
43
What is the remainder when 3748 is divided by 1083?
499
Calculate the remainder when 649 is divided by 254.
141
What is the remainder when 87134 is divided by 1814?
62
Calculate the remainder when 42140 is divided by 5266.
12
What is the remainder when 121 is divided by 11?
0
Calculate the remainde